{"id":252,"date":"2021-07-30T12:34:58","date_gmt":"2021-07-30T10:34:58","guid":{"rendered":"http:\/\/brfstrandgarden.se\/?page_id=252"},"modified":"2026-01-15T21:58:12","modified_gmt":"2026-01-15T20:58:12","slug":"information-till-maklare","status":"publish","type":"page","link":"https:\/\/brfstrandgarden.se\/?page_id=252","title":{"rendered":"M\u00e4klarinfo"},"content":{"rendered":"\n<p>L\u00e4genhetsinnehavare som ska s\u00e4lja samt m\u00e4klare med uppdrag att s\u00e4lja kan finna n\u00f6dv\u00e4ndig information under denna rubrik. Ta med f\u00f6rdel ocks\u00e5 del av information under \u00f6vriga rubriker f\u00f6r en mer detaljerad bild.<\/p>\n\n\n\n<p><strong>F\u00f6reningens namn:<\/strong>&nbsp;Strandg\u00e5rden<\/p>\n\n\n\n<p><strong>Organisationsnummer:<\/strong>&nbsp;746000-0958<\/p>\n\n\n\n<p><strong>Fastighetsbeteckning:<\/strong>&nbsp;Tonfisken 26<\/p>\n\n\n\n<p><strong>Bygg\u00e5r:<\/strong>&nbsp;1945, samma \u00e5r bildades ocks\u00e5 bostadsr\u00e4ttsf\u00f6reningen Strandg\u00e5rden.<\/p>\n\n\n\n<p><strong>Disposition:<\/strong>&nbsp;Fastigheten rymmer 24 l\u00e4genheter plus en lokal som i dagsl\u00e4get verkar som fris\u00f6rsalong. Denna lokal \u00e4r ocks\u00e5 en bostadsr\u00e4tt i f\u00f6reningen.<\/p>\n\n\n\n<p><strong>Ekonomisk f\u00f6rvaltning:<\/strong>&nbsp;Den ekonomiska f\u00f6rvaltningen sk\u00f6ts av Stadsbost\u00e4der AB.<\/p>\n\n\n\n<p><a href=\"http:\/\/www.stadsbostader.se\/\">www.stadsbostader.se<\/a><\/p>\n\n\n\n<p><strong>Teknisk f\u00f6rvaltning:<\/strong>&nbsp;Brf Strandg\u00e5rden har ingen l\u00f6pande teknisk f\u00f6rvaltare utan tar in den hj\u00e4lp som beh\u00f6vs, n\u00e4r den beh\u00f6vs. Styrelsen sk\u00f6ter i dagsl\u00e4get l\u00e4ttare yttre och inre underh\u00e5ll samt tr\u00e4dg\u00e5rden, vilken alla medlemmar uppmuntras hj\u00e4lpa till med. St\u00e4dning av trapphus och tv\u00e4ttstuga k\u00f6ps l\u00f6pande in externt.<\/p>\n\n\n\n<p><strong>Ekonomi och mark:<\/strong>&nbsp;F\u00f6reningen har en god ekonomi och \u00e4ger sin mark. Se \u00e5rsredovisning nedan.<\/p>\n\n\n\n<p><strong>Bostadsr\u00e4ttstill\u00e4gg:<\/strong>&nbsp;F\u00f6reningen har tecknat separat Bostadsr\u00e4ttstill\u00e4gg som ing\u00e5r i m\u00e5nadsavgiften.<\/p>\n\n\n\n<p><strong>Gemensam el:<\/strong>&nbsp;I Brf Strandg\u00e5rden har vi gemensam el. Det inneb\u00e4r att du inte beh\u00f6ver n\u00e5gon egen elleverant\u00f6r. Betalning sker varje kvartal. Varje bostadsr\u00e4tt \u00e4r kopplad till egen underm\u00e4tare, vilken g\u00e5r att l\u00e4sa av f\u00f6r den enskilda bostadsr\u00e4ttsinnehavaren p\u00e5 elleverant\u00f6rens hemsida.<\/p>\n\n\n\n<p><strong>Gemensamt bredband:<\/strong>&nbsp;Brf Strandg\u00e5rden har vi gemensamt bredband&nbsp; via ComHem (hastighet 100\/10).<\/p>\n\n\n\n<p><strong>Underh\u00e5llsansvar:<\/strong>&nbsp;Varje bostadsr\u00e4ttsinnehavare ska s\u00f6rja f\u00f6r gott underh\u00e5ll av den egna l\u00e4genheten. Detta inneb\u00e4r bland annat att all renovering ska vara fackmannam\u00e4ssigt gjort och att ingen st\u00f6rre \u00e5verkan s\u00e5 som att flytta\/ta ner v\u00e4ggar f\u00e5r ske utan tillst\u00e5nd fr\u00e5n styrelsen. Bostadsr\u00e4ttsinnehavaren ansvarar ocks\u00e5 f\u00f6r att upplysa styrelsen om hen uppt\u00e4cker n\u00e5gon skada eller dylikt i\/p\u00e5 fastighetens gemensamma utrymmen, utemilj\u00f6 och s\u00e5 vidare.<\/p>\n\n\n\n<p><strong>I m\u00e5nadsavgiften ing\u00e5r<\/strong>: V\u00e4rme, vatten, bredband.<\/p>\n\n\n\n<p><strong>Parkering<\/strong>: F\u00f6reningen har inga egna p-platser men gatorna i omr\u00e5det erbjuder gott om parkeringsm\u00f6jligheter. Boendeparkering finns och taxan ligger i dagsl\u00e4get p\u00e5 225:-\/dygn f\u00f6r parkering vid gatorna i direkt anslutning till fastigheten. En kort promenad bort finns gator d\u00e4r det fortsatt g\u00e5r att parkera gratis.<\/p>\n\n\n\n<p><strong>Gemensamma lokaler\/milj\u00f6er<\/strong>:<\/p>\n\n\n\n<ul><li>F\u00f6reningen har ett gemensamt utrymme i form av hobbyrum\/verkstad\/cykelverkstad.<\/li><li>P\u00e5 vinden finns tillg\u00e5ng till en takterrass med f\u00f6rmiddagssol och utem\u00f6bler. I vindsutrymmena finns ocks\u00e5 tv\u00e5 torkvindar med linor (f\u00f6r n\u00e4rvarande uthyrda).<\/li><li>Tr\u00e4dg\u00e5rd med tr\u00e4dg\u00e5rdsm\u00f6bler och tillg\u00e5ng till grill under sommarhalv\u00e5ret.<\/li><li>Tv\u00e4ttstugan som rymmer 2 stora maskiner, 2 torksk\u00e5p och en tumlare hittas i k\u00e4llaren mellan B och C -trappan med ing\u00e5ng fr\u00e5n g\u00e5rden. Bokning genom kolvtavla.<\/li><\/ul>\n\n\n\n<p><strong>Renoveringar:<\/strong><\/p>\n\n\n\n<p>1992-1993 Vattenstammar bytta<\/p>\n\n\n\n<p>1997&nbsp; Yttre f\u00f6nsterb\u00e5gar<\/p>\n\n\n\n<p>2004 Besiktning av tak<\/p>\n\n\n\n<p>2004 El totalrenovering med automats\u00e4kring i alla l\u00e4genheter<\/p>\n\n\n\n<p>2006 Avloppsstammar spolade<\/p>\n\n\n\n<p>2008 Totalrenovering av balkonger<\/p>\n\n\n\n<p>2009\/2010 Relining av avloppsstammar<\/p>\n\n\n\n<p>2012 Besiktning av f\u00f6nster och fasad. Rensning av stupr\u00f6r. Tr\u00e4dg\u00e5rden uppgraderad och plattor delvis omlagda.<\/p>\n\n\n\n<p>2013 Byte av v\u00e4rmecentral och termostater samt injustering av v\u00e4rmesystemet.<\/p>\n\n\n\n<p>2014 Ny fasadbekl\u00e4dnad p\u00e5 s\u00f6dra gaveln, \u00f6versyn av utv\u00e4ndiga k\u00e4llartrappor och inv\u00e4ndiga k\u00e4llard\u00f6rrar.<\/p>\n\n\n\n<p>2015 Nya ytterd\u00f6rrar till k\u00e4llarutrymmen<\/p>\n\n\n\n<p>2018 Nya f\u00f6nster<br>2018 Ny fasad (\u00e5terst\u00e4lld till sitt ursprungliga skick dvs puts).<br>2018 Nytt tak<\/p>\n\n\n\n<p>2021 Ny Milj\u00f6station<\/p>\n\n\n\n<p>2022 Iordningst\u00e4llande av rabatter med makadam.<\/p>\n\n\n\n<p><strong>Kommande renoveringar:&nbsp;<\/strong>Under de senaste \u00e5ren har st\u00f6rre yttre renoveringar genomf\u00f6rts. Det som \u00e5terst\u00e5r \u00e4r endast mindre renoveringar s\u00e5 som f\u00f6rb\u00e4ttringar av utomhusmilj\u00f6. Styrelsen f\u00f6ljer en underh\u00e5llningsplan f\u00f6r de mindre renoveringarna.<\/p>\n\n\n\n<p><strong>\u00d6vrigt:&nbsp;<\/strong>F\u00f6reningen till\u00e5ter delat \u00e4gande men de som \u00e4ger bostadsr\u00e4tten ska ocks\u00e5 bo d\u00e4r.&nbsp;Styrelsen fattar beslut om medlemskap b\u00e5de l\u00f6pande och p\u00e5 styrelsem\u00f6ten.<br>Ans\u00f6kan om medlemskap och kontrakt skickas till oss direkt:<\/p>\n\n\n\n<p>Brf Strandg\u00e5rden, Birger Jarlsgatan 28 B, 21612 Limhamn<\/p>\n\n\n\n<p>Om medlem \u00f6nskar hyra ut sin bostad enligt g\u00e4ngse regler f\u00f6r detta \u00e4ndam\u00e5l m\u00e5ste detta godk\u00e4nnas av styrelsen. I enlighet med f\u00f6reningens stadgar &nbsp;\u00a732 tillkommer en administrativ avgift p\u00e5 10% av prisbaseloppet per \u00e5r p\u00e5 \u00e5rsavgiften vid beviljad uppl\u00e5telse i andra hand.<\/p>\n\n\n\n<p><strong><a href=\"http:\/\/brfstrandgarden.se\/wp-content\/uploads\/2025\/05\/Arsredovisning_Brf-Strandgarden-for-20240101-20241231.pdf\">\u00c5rsredovisning 2024<\/a><\/strong><\/p>\n\n\n\n<p><strong><a href=\"http:\/\/brfstrandgarden.se\/wp-content\/uploads\/2020\/03\/Stadgar.pdf\">Stadgar<\/a><\/strong><\/p>\n","protected":false},"excerpt":{"rendered":"<p>L\u00e4genhetsinnehavare som ska s\u00e4lja samt m\u00e4klare med uppdrag att s\u00e4lja kan finna n\u00f6dv\u00e4ndig information under denna rubrik. Ta med f\u00f6rdel ocks\u00e5 del av information under \u00f6vriga rubriker f\u00f6r en mer detaljerad bild. F\u00f6reningens namn:&nbsp;Strandg\u00e5rden Organisationsnummer:&nbsp;746000-0958 Fastighetsbeteckning:&nbsp;Tonfisken 26 Bygg\u00e5r:&nbsp;1945, samma \u00e5r bildades ocks\u00e5 bostadsr\u00e4ttsf\u00f6reningen Strandg\u00e5rden. Disposition:&nbsp;Fastigheten rymmer 24 l\u00e4genheter plus en lokal som i dagsl\u00e4get verkar &hellip; <a href=\"https:\/\/brfstrandgarden.se\/?page_id=252\" class=\"more-link\">Continue reading <span class=\"screen-reader-text\">M\u00e4klarinfo<\/span><\/a><\/p>\n","protected":false},"author":1,"featured_media":0,"parent":0,"menu_order":0,"comment_status":"closed","ping_status":"closed","template":"","meta":[],"_links":{"self":[{"href":"https:\/\/brfstrandgarden.se\/index.php?rest_route=\/wp\/v2\/pages\/252"}],"collection":[{"href":"https:\/\/brfstrandgarden.se\/index.php?rest_route=\/wp\/v2\/pages"}],"about":[{"href":"https:\/\/brfstrandgarden.se\/index.php?rest_route=\/wp\/v2\/types\/page"}],"author":[{"embeddable":true,"href":"https:\/\/brfstrandgarden.se\/index.php?rest_route=\/wp\/v2\/users\/1"}],"replies":[{"embeddable":true,"href":"https:\/\/brfstrandgarden.se\/index.php?rest_route=%2Fwp%2Fv2%2Fcomments&post=252"}],"version-history":[{"count":6,"href":"https:\/\/brfstrandgarden.se\/index.php?rest_route=\/wp\/v2\/pages\/252\/revisions"}],"predecessor-version":[{"id":320,"href":"https:\/\/brfstrandgarden.se\/index.php?rest_route=\/wp\/v2\/pages\/252\/revisions\/320"}],"wp:attachment":[{"href":"https:\/\/brfstrandgarden.se\/index.php?rest_route=%2Fwp%2Fv2%2Fmedia&parent=252"}],"curies":[{"name":"wp","href":"https:\/\/api.w.org\/{rel}","templated":true}]}}